{"id":237,"date":"2023-04-24T16:10:47","date_gmt":"2023-04-24T19:10:47","guid":{"rendered":"https:\/\/bm4.com.br\/bm44\/bm4\/?page_id=237"},"modified":"2023-08-26T11:55:52","modified_gmt":"2023-08-26T14:55:52","slug":"politica-de-privacidad","status":"publish","type":"page","link":"https:\/\/bm4.com.br\/bm44\/es\/politica-de-privacidad\/","title":{"rendered":"Pol\u00edtica de privacidad"},"content":{"rendered":"<p style=\"font-weight: 400;\"><\/p>\r\n<p style=\"font-weight: 400;\">Fecha de la \u00faltima actualizaci\u00f3n: 21\/10\/2022<\/p>\r\n<p style=\"font-weight: 400;\">Nosotros, en MAQUIRA IND\u00daSTRIA DE PRODUTOS ODONTOL\u00d3GICOS S\/A (&#8220;MAQUIRA&#8221; o &#8220;nosotros&#8221;), nos comprometemos a salvaguardar su privacidad y a proteger sus datos. El objetivo de este documento es aclarar qu\u00e9 informaci\u00f3n se recoge de los usuarios de nuestro sitio web &#8211; https:\/\/bm4.com.br\/bm44\/ &#8211; (&#8220;Usted&#8221;) y c\u00f3mo se utilizan estos datos.<\/p>\r\n<p style=\"font-weight: 400;\"><b><strong>MAQUIRA IND\u00daSTRIA DE PRODUTOS ODONTOL\u00d3GICOS S\/A<\/strong><\/b>, registrada en el CNPJ con el n\u00ba 05.823.205\/0001-90, con sede en la Avenida Melvin Jones, 773 en Maring\u00e1, PR, CEP 87070-030 (&#8220;Maquira&#8221;, &#8220;nosotros&#8221; o &#8220;nos&#8221;).<\/p>\r\n<p style=\"font-weight: 400;\">Nosotros, en Maquira, tenemos como uno de nuestros principales valores el compromiso con el respeto y la preservaci\u00f3n de la privacidad y la protecci\u00f3n de los Datos Personales de nuestros Usuarios.<\/p>\r\n<p style=\"font-weight: 400;\">Es por ello que hemos desarrollado esta Pol\u00edtica de Privacidad (&#8220;Pol\u00edtica&#8221;), para que usted sea consciente de c\u00f3mo tratamos sus Datos Personales. Al proporcionar informaci\u00f3n personal, navegar por el sitio web o utilizar nuestra aplicaci\u00f3n, el Usuario es consciente de las normas de uso, protecci\u00f3n y seguridad establecidas en el presente documento.<\/p>\r\n<p style=\"font-weight: 400;\"><b><strong><u>Es muy importante que el usuario lea atentamente esta Pol\u00edtica!<\/u><\/strong><\/b><\/p>\r\n<p style=\"font-weight: 400;\">Si, despu\u00e9s de leer esta Pol\u00edtica, sigue teniendo preguntas, puede contactar con nosotros a trav\u00e9s de nuestros Canales de Servicio disponibles en nuestro sitio web o poni\u00e9ndose en contacto directamente con nuestro Gestor, tal y como se indica en esta Pol\u00edtica.<\/p>\r\n<p style=\"font-weight: 400;\"><b><\/b><b><strong>1. Lo que hay que saber antes de leer la Pol\u00edtica:<\/strong><\/b><\/p>\r\n<p style=\"font-weight: 400;\">\u2013 Datos personales: informaci\u00f3n que permite identificar a una persona f\u00edsica, ya sea como dato \u00fanico o en conjunci\u00f3n con otra informaci\u00f3n disponible. Por ejemplo, los n\u00fameros del CPF y del RG.<\/p>\r\n<p style=\"font-weight: 400;\">\u2013 Titular de los Datos personales: persona f\u00edsica a la que se refiere la informaci\u00f3n y cuyos datos personales han sido tratados.<\/p>\r\n<p style=\"font-weight: 400;\">\u2013 Datos sensibles: datos personales que revelen el origen racial o \u00e9tnico, las opiniones pol\u00edticas y las convicciones religiosas o filos\u00f3ficas, la afiliaci\u00f3n sindical, los datos gen\u00e9ticos y\/o biom\u00e9tricos, los datos relativos a la salud, los datos relativos a la vida sexual o a la orientaci\u00f3n sexual de una persona.<\/p>\r\n<p style=\"font-weight: 400;\">\u2013 Tratamiento de datos: cualquier operaci\u00f3n realizada con datos personales, como verlos, guardarlos, utilizarlos, consultarlos, procesarlos, modificarlos, extraerlos, transferirlos o suprimirlos.<\/p>\r\n<p style=\"font-weight: 400;\"><b><strong>2. \u00bfA qui\u00e9n se aplica esta pol\u00edtica?<\/strong><\/b><\/p>\r\n<p style=\"font-weight: 400;\">Esta pol\u00edtica de privacidad se aplica a todos los clientes de Maquira que tengan sus datos procesados por nosotros de cualquier forma, o que hayan proporcionado a los sistemas de Maquira datos de terceros, siempre que los clientes hayan obtenido autorizaci\u00f3n para ello de dichos terceros.<\/p>\r\n<p style=\"font-weight: 400;\"><b><strong>3. \u00bfCu\u00e1les son los derechos del titular de los datos?<\/strong><\/b><\/p>\r\n<p style=\"font-weight: 400;\">De acuerdo con la ley brasile\u00f1a 13.709\/2018 (LGPD), el titular de datos personales tiene derecho a obtener informaci\u00f3n sobre sus datos procesados en cualquier momento y previa solicitud:<\/p>\r\n\r\n<ol>\r\n \t<li>Confirmaci\u00f3n de la existencia de tratamiento;<\/li>\r\n \t<li style=\"font-weight: 400;\">Acceso a los datos;<\/li>\r\n \t<li style=\"font-weight: 400;\">Correcci\u00f3n de datos incompletos, inexactos u obsoletos;<\/li>\r\n \t<li style=\"font-weight: 400;\">Anonimizaci\u00f3n, bloqueo o supresi\u00f3n de datos innecesarios, excesivos o tratados infringiendo la ley;<\/li>\r\n \t<li style=\"font-weight: 400;\">Portabilidad de los datos a otro proveedor de servicios o productos, previa solicitud expresa, de conformidad con la normativa de la autoridad nacional, respetando los secretos comerciales e industriales;<\/li>\r\n \t<li style=\"font-weight: 400;\">Eliminaci\u00f3n de datos personales tratados con el consentimiento del titular de los datos;<\/li>\r\n \t<li style=\"font-weight: 400;\">Informaci\u00f3n sobre organismos p\u00fablicos y privados con los que el responsable del tratamiento ha compartido datos;<\/li>\r\n \t<li style=\"font-weight: 400;\">Informaci\u00f3n sobre la posibilidad de no dar el consentimiento y las consecuencias de no darlo;<\/li>\r\n \t<li style=\"font-weight: 400;\">Revocaci\u00f3n del consentimiento<\/li>\r\n<\/ol>\r\n<b><strong>4. \u00bfC\u00f3mo Maquira utiliza los datos personales?<\/strong><\/b>\r\n<p style=\"font-weight: 400;\">Las utilizamos principalmente para facilitar y mejorar las relaciones comerciales, para comunicarnos con usted, nuestro cliente y con los interesados en nuestros servicios, para garantizar la seguridad y, en consecuencia, prevenir el fraude, incluida la protecci\u00f3n de las personas, de nuestros empleados y de Maquira en beneficio de los usuarios. Adem\u00e1s, el objetivo es cumplir con la legislaci\u00f3n vigente, como las obligaciones fiscales, por ejemplo.<\/p>\r\n<p style=\"font-weight: 400;\"><b><strong>5. \u00bfCon qui\u00e9n compartimos sus datos?<\/strong><\/b><\/p>\r\n<p style=\"font-weight: 400;\">La informaci\u00f3n recopilada se procesa dentro de Maquira y s\u00f3lo la compartiremos cuando sea necesario, mediante una decisi\u00f3n judicial o una solicitud de una autoridad competente, por ejemplo, en los t\u00e9rminos de la LGPD.<\/p>\r\n<p style=\"font-weight: 400;\"><b><strong>6. \u00bfCu\u00e1nto tiempo se almacena la informaci\u00f3n?<\/strong><\/b><\/p>\r\n<p style=\"font-weight: 400;\">Almacenamos la informaci\u00f3n de acuerdo con el plazo de prescripci\u00f3n previsto en la legislaci\u00f3n brasile\u00f1a.<\/p>\r\n<p style=\"font-weight: 400;\"><b><strong>7. Datos personales de ni\u00f1os y adolescentes:<\/strong><\/b><\/p>\r\n<p style=\"font-weight: 400;\">Maquira se esfuerza por tratar los datos de ni\u00f1os y adolescentes, en su caso, s\u00f3lo en casos de necesidad, en el inter\u00e9s superior del menor, y con el consentimiento espec\u00edfico y destacado de al menos uno de los padres o tutores legales.<\/p>\r\n<p style=\"font-weight: 400;\"><b><strong>8. Cookies:<\/strong><\/b><\/p>\r\n<p style=\"font-weight: 400;\">Se trata de peque\u00f1os archivos que los sitios web a los que accede a\u00f1aden a su dispositivo u ordenador. Nuestros servicios online pueden utilizar cookies para optimizar el funcionamiento del sitio web de Maquira y ofrecer una experiencia de usuario m\u00e1s personalizada. Nos ayudan a adaptar el sitio a sus necesidades personales, as\u00ed como a prevenir actividades fraudulentas y mejorar la seguridad.<\/p>\r\n<p style=\"font-weight: 400;\"><b><strong>9. El compromiso de Maquira con su privacidad:<\/strong><\/b><\/p>\r\n<p style=\"font-weight: 400;\">Para garantizar la seguridad de sus datos personales, comunicamos a nuestros empleados nuestros comportamientos en materia de privacidad y seguridad y aplicamos estrictamente las directrices sobre privacidad en la empresa.<\/p>\r\n<p style=\"font-weight: 400;\"><b><strong>10. Modificaciones de nuestra Pol\u00edtica:<\/strong><\/b><\/p>\r\n<p style=\"font-weight: 400;\">Si se producen modificaciones en la forma en que se procesan los Datos Personales en Maquira, actualizaremos esta pol\u00edtica. Nos reservamos el derecho a realizar modificaciones en cualquier momento, siempre con el objetivo de proteger los datos personales tratados. Por favor, revise esta Pol\u00edtica con frecuencia para estar al tanto de cualquier cambio en nuestras pr\u00e1cticas y\/o en esta Pol\u00edtica de Privacidad.<\/p>\r\n<p style=\"font-weight: 400;\"><b><strong>11. Normas generales para la introducci\u00f3n de datos de terceros:<\/strong><\/b><\/p>\r\n<p style=\"font-weight: 400;\">En el caso de que los clientes inserten datos, fotograf\u00edas, im\u00e1genes o cualquier tipo de archivo en los sistemas internos del grupo Maquira con la participaci\u00f3n de terceros, los clientes son conscientes de que dicha inserci\u00f3n debe ir precedida de la autorizaci\u00f3n de dichos terceros, que debe ser obtenida por los propios clientes. Maquira presumir\u00e1, al recibir dicha informaci\u00f3n, que los clientes han obtenido las autorizaciones de estos terceros, y una vez introducida la informaci\u00f3n en sus sistemas, asumir\u00e1 el papel de responsable del tratamiento de dichos datos, a todos los efectos de la LGPD, siendo conscientes los clientes de que, para determinadas campa\u00f1as o proyectos llevados a cabo por Maquira, dicha informaci\u00f3n, fotograf\u00edas, v\u00eddeos, im\u00e1genes, entre otros, podr\u00e1n ser mostrados en las redes sociales de Maquira, a criterio (incluida la elecci\u00f3n), en la medida en que no sea posible identificar al tercero al que se refiere esa informaci\u00f3n\/datos concretos, y dicha divulgaci\u00f3n se producir\u00e1 de forma gratuita para Maquira, no onerosa, a lo que los clientes consienten autom\u00e1ticamente, desde el registro e inclusi\u00f3n de la informaci\u00f3n en los sistemas de Maquira.<\/p>\r\n<p style=\"font-weight: 400;\"><b><strong>12. Contacto:<\/strong><\/b><\/p>\r\n<p style=\"font-weight: 400;\">Si tiene alguna pregunta o comentario sobre esta Pol\u00edtica de Privacidad, p\u00f3ngase en contacto con nosotros a trav\u00e9s de la secci\u00f3n Contacto en www.bm4.com.br\/es\/contacto, o llame a nuestro Centro de Atenci\u00f3n al Cliente al 0800 726 5848, o env\u00edenos un correo electr\u00f3nico a contato@maquira.com.br. Haremos todo lo posible por ayudarle.<\/p>\r\n<p style=\"font-weight: 400;\"><\/p>","protected":false},"excerpt":{"rendered":"<p>Fecha de la \u00faltima actualizaci\u00f3n: 21\/10\/2022 Nosotros, en MAQUIRA IND\u00daSTRIA DE PRODUTOS ODONTOL\u00d3GICOS S\/A (&#8220;MAQUIRA&#8221; o &#8220;nosotros&#8221;), nos comprometemos a salvaguardar su privacidad y a proteger sus datos. El objetivo de este documento es aclarar qu\u00e9 informaci\u00f3n se recoge de los usuarios de nuestro sitio web &#8211; https:\/\/bm4.com.br\/bm44\/ &#8211; (&#8220;Usted&#8221;) y c\u00f3mo se utilizan estos datos. MAQUIRA IND\u00daSTRIA DE PRODUTOS ODONTOL\u00d3GICOS S\/A, registrada en el CNPJ con el n\u00ba 05.823.205\/0001-90, con sede en la Avenida Melvin Jones, 773 en Maring\u00e1, PR, CEP 87070-030 (&#8220;Maquira&#8221;, &#8220;nosotros&#8221; o &#8220;nos&#8221;). Nosotros, en Maquira, tenemos como uno de nuestros principales valores el compromiso con el respeto y la preservaci\u00f3n de la privacidad y la protecci\u00f3n de los Datos Personales de nuestros Usuarios. Es por ello que hemos desarrollado esta Pol\u00edtica de Privacidad (&#8220;Pol\u00edtica&#8221;), para que usted sea consciente de c\u00f3mo tratamos sus Datos Personales. Al proporcionar informaci\u00f3n personal, navegar por el sitio web o utilizar nuestra aplicaci\u00f3n, el Usuario es consciente de las normas de uso, protecci\u00f3n y seguridad establecidas en el presente documento. Es muy importante que el usuario lea atentamente esta Pol\u00edtica! Si, despu\u00e9s de leer esta Pol\u00edtica, sigue teniendo preguntas, puede contactar con nosotros a trav\u00e9s de nuestros Canales de Servicio disponibles en nuestro sitio web o poni\u00e9ndose en contacto directamente con nuestro Gestor, tal y como se indica en esta Pol\u00edtica. 1. Lo que hay que saber antes de leer la Pol\u00edtica: \u2013 Datos personales: informaci\u00f3n que permite identificar a una persona f\u00edsica, ya sea como dato \u00fanico o en [&#8230;]<\/p>\n","protected":false},"author":1,"featured_media":0,"parent":0,"menu_order":10,"comment_status":"closed","ping_status":"closed","template":"","meta":{"footnotes":""},"class_list":["post-237","page","type-page","status-publish","hentry"],"acf":[],"yoast_head":"<!-- This site is optimized with the Yoast SEO plugin v19.4 - https:\/\/yoast.com\/wordpress\/plugins\/seo\/ -->\n<title>Pol\u00edtica de privacidad - BM4<\/title>\n<meta name=\"robots\" content=\"index, follow, max-snippet:-1, max-image-preview:large, max-video-preview:-1\" \/>\n<link rel=\"canonical\" href=\"https:\/\/bm4.com.br\/bm44\/es\/politica-de-privacidad\/\" \/>\n<meta property=\"og:locale\" content=\"pt_BR\" \/>\n<meta property=\"og:type\" content=\"article\" \/>\n<meta property=\"og:title\" content=\"Pol\u00edtica de privacidad - BM4\" \/>\n<meta property=\"og:description\" content=\"Fecha de la \u00faltima actualizaci\u00f3n: 21\/10\/2022 Nosotros, en MAQUIRA IND\u00daSTRIA DE PRODUTOS ODONTOL\u00d3GICOS S\/A (&#8220;MAQUIRA&#8221; o &#8220;nosotros&#8221;), nos comprometemos a salvaguardar su privacidad y a proteger sus datos. El objetivo de este documento es aclarar qu\u00e9 informaci\u00f3n se recoge de los usuarios de nuestro sitio web &#8211; https:\/\/bm4.com.br\/bm44\/ &#8211; (&#8220;Usted&#8221;) y c\u00f3mo se utilizan estos datos. MAQUIRA IND\u00daSTRIA DE PRODUTOS ODONTOL\u00d3GICOS S\/A, registrada en el CNPJ con el n\u00ba 05.823.205\/0001-90, con sede en la Avenida Melvin Jones, 773 en Maring\u00e1, PR, CEP 87070-030 (&#8220;Maquira&#8221;, &#8220;nosotros&#8221; o &#8220;nos&#8221;). Nosotros, en Maquira, tenemos como uno de nuestros principales valores el compromiso con el respeto y la preservaci\u00f3n de la privacidad y la protecci\u00f3n de los Datos Personales de nuestros Usuarios. Es por ello que hemos desarrollado esta Pol\u00edtica de Privacidad (&#8220;Pol\u00edtica&#8221;), para que usted sea consciente de c\u00f3mo tratamos sus Datos Personales. Al proporcionar informaci\u00f3n personal, navegar por el sitio web o utilizar nuestra aplicaci\u00f3n, el Usuario es consciente de las normas de uso, protecci\u00f3n y seguridad establecidas en el presente documento. Es muy importante que el usuario lea atentamente esta Pol\u00edtica! Si, despu\u00e9s de leer esta Pol\u00edtica, sigue teniendo preguntas, puede contactar con nosotros a trav\u00e9s de nuestros Canales de Servicio disponibles en nuestro sitio web o poni\u00e9ndose en contacto directamente con nuestro Gestor, tal y como se indica en esta Pol\u00edtica. 1. Lo que hay que saber antes de leer la Pol\u00edtica: \u2013 Datos personales: informaci\u00f3n que permite identificar a una persona f\u00edsica, ya sea como dato \u00fanico o en [...]\" \/>\n<meta property=\"og:url\" content=\"https:\/\/bm4.com.br\/bm44\/es\/politica-de-privacidad\/\" \/>\n<meta property=\"og:site_name\" content=\"BM4\" \/>\n<meta property=\"article:publisher\" content=\"https:\/\/www.facebook.com\/maquiradentalgroup\" \/>\n<meta property=\"article:modified_time\" content=\"2023-08-26T14:55:52+00:00\" \/>\n<meta property=\"og:image\" content=\"https:\/\/bm4.com.br\/bm44\/wp-content\/uploads\/2023\/05\/m1.jpg\" \/>\n\t<meta property=\"og:image:width\" content=\"900\" \/>\n\t<meta property=\"og:image:height\" content=\"600\" \/>\n\t<meta property=\"og:image:type\" content=\"image\/jpeg\" \/>\n<meta name=\"twitter:card\" content=\"summary_large_image\" \/>\n<meta name=\"twitter:label1\" content=\"Est. tempo de leitura\" \/>\n\t<meta name=\"twitter:data1\" content=\"6 minutos\" \/>\n<script type=\"application\/ld+json\" class=\"yoast-schema-graph\">{\"@context\":\"https:\/\/schema.org\",\"@graph\":[{\"@type\":\"Organization\",\"@id\":\"https:\/\/bm4.com.br\/bm44\/#organization\",\"name\":\"Maquira\",\"url\":\"https:\/\/bm4.com.br\/bm44\/\",\"sameAs\":[\"https:\/\/www.linkedin.com\/company\/maquira\",\"https:\/\/www.instagram.com\/maquiradentalgroup\/\",\"https:\/\/www.youtube.com\/channel\/UCvbWpRmyX5WArQ1VbxcLJFg\",\"https:\/\/www.facebook.com\/maquiradentalgroup\"],\"logo\":{\"@type\":\"ImageObject\",\"inLanguage\":\"pt-BR\",\"@id\":\"https:\/\/bm4.com.br\/bm44\/#\/schema\/logo\/image\/\",\"url\":\"https:\/\/bm4.com.br\/bm44\/bm4\/wp-content\/uploads\/2023\/05\/m1.jpg\",\"contentUrl\":\"https:\/\/bm4.com.br\/bm44\/bm4\/wp-content\/uploads\/2023\/05\/m1.jpg\",\"width\":900,\"height\":600,\"caption\":\"Maquira\"},\"image\":{\"@id\":\"https:\/\/bm4.com.br\/bm44\/#\/schema\/logo\/image\/\"}},{\"@type\":\"WebSite\",\"@id\":\"https:\/\/bm4.com.br\/bm44\/#website\",\"url\":\"https:\/\/bm4.com.br\/bm44\/\",\"name\":\"BM4\",\"description\":\"\",\"publisher\":{\"@id\":\"https:\/\/bm4.com.br\/bm44\/#organization\"},\"potentialAction\":[{\"@type\":\"SearchAction\",\"target\":{\"@type\":\"EntryPoint\",\"urlTemplate\":\"https:\/\/bm4.com.br\/bm44\/?s={search_term_string}\"},\"query-input\":\"required name=search_term_string\"}],\"inLanguage\":\"pt-BR\"},{\"@type\":\"WebPage\",\"@id\":\"https:\/\/bm4.com.br\/bm44\/es\/politica-de-privacidad\/\",\"url\":\"https:\/\/bm4.com.br\/bm44\/es\/politica-de-privacidad\/\",\"name\":\"Pol\u00edtica de privacidad - BM4\",\"isPartOf\":{\"@id\":\"https:\/\/bm4.com.br\/bm44\/#website\"},\"datePublished\":\"2023-04-24T19:10:47+00:00\",\"dateModified\":\"2023-08-26T14:55:52+00:00\",\"breadcrumb\":{\"@id\":\"https:\/\/bm4.com.br\/bm44\/es\/politica-de-privacidad\/#breadcrumb\"},\"inLanguage\":\"pt-BR\",\"potentialAction\":[{\"@type\":\"ReadAction\",\"target\":[\"https:\/\/bm4.com.br\/bm44\/es\/politica-de-privacidad\/\"]}]},{\"@type\":\"BreadcrumbList\",\"@id\":\"https:\/\/bm4.com.br\/bm44\/es\/politica-de-privacidad\/#breadcrumb\",\"itemListElement\":[{\"@type\":\"ListItem\",\"position\":1,\"name\":\"In\u00edcio\",\"item\":\"https:\/\/bm4.com.br\/bm44\/\"},{\"@type\":\"ListItem\",\"position\":2,\"name\":\"Pol\u00edtica de privacidad\"}]}]}<\/script>\n<!-- \/ Yoast SEO plugin. -->","yoast_head_json":{"title":"Pol\u00edtica de privacidad - BM4","robots":{"index":"index","follow":"follow","max-snippet":"max-snippet:-1","max-image-preview":"max-image-preview:large","max-video-preview":"max-video-preview:-1"},"canonical":"https:\/\/bm4.com.br\/bm44\/es\/politica-de-privacidad\/","og_locale":"pt_BR","og_type":"article","og_title":"Pol\u00edtica de privacidad - BM4","og_description":"Fecha de la \u00faltima actualizaci\u00f3n: 21\/10\/2022 Nosotros, en MAQUIRA IND\u00daSTRIA DE PRODUTOS ODONTOL\u00d3GICOS S\/A (&#8220;MAQUIRA&#8221; o &#8220;nosotros&#8221;), nos comprometemos a salvaguardar su privacidad y a proteger sus datos. El objetivo de este documento es aclarar qu\u00e9 informaci\u00f3n se recoge de los usuarios de nuestro sitio web &#8211; https:\/\/bm4.com.br\/bm44\/ &#8211; (&#8220;Usted&#8221;) y c\u00f3mo se utilizan estos datos. MAQUIRA IND\u00daSTRIA DE PRODUTOS ODONTOL\u00d3GICOS S\/A, registrada en el CNPJ con el n\u00ba 05.823.205\/0001-90, con sede en la Avenida Melvin Jones, 773 en Maring\u00e1, PR, CEP 87070-030 (&#8220;Maquira&#8221;, &#8220;nosotros&#8221; o &#8220;nos&#8221;). Nosotros, en Maquira, tenemos como uno de nuestros principales valores el compromiso con el respeto y la preservaci\u00f3n de la privacidad y la protecci\u00f3n de los Datos Personales de nuestros Usuarios. Es por ello que hemos desarrollado esta Pol\u00edtica de Privacidad (&#8220;Pol\u00edtica&#8221;), para que usted sea consciente de c\u00f3mo tratamos sus Datos Personales. Al proporcionar informaci\u00f3n personal, navegar por el sitio web o utilizar nuestra aplicaci\u00f3n, el Usuario es consciente de las normas de uso, protecci\u00f3n y seguridad establecidas en el presente documento. Es muy importante que el usuario lea atentamente esta Pol\u00edtica! Si, despu\u00e9s de leer esta Pol\u00edtica, sigue teniendo preguntas, puede contactar con nosotros a trav\u00e9s de nuestros Canales de Servicio disponibles en nuestro sitio web o poni\u00e9ndose en contacto directamente con nuestro Gestor, tal y como se indica en esta Pol\u00edtica. 1. Lo que hay que saber antes de leer la Pol\u00edtica: \u2013 Datos personales: informaci\u00f3n que permite identificar a una persona f\u00edsica, ya sea como dato \u00fanico o en [...]","og_url":"https:\/\/bm4.com.br\/bm44\/es\/politica-de-privacidad\/","og_site_name":"BM4","article_publisher":"https:\/\/www.facebook.com\/maquiradentalgroup","article_modified_time":"2023-08-26T14:55:52+00:00","og_image":[{"width":900,"height":600,"url":"https:\/\/bm4.com.br\/bm44\/wp-content\/uploads\/2023\/05\/m1.jpg","type":"image\/jpeg"}],"twitter_card":"summary_large_image","twitter_misc":{"Est. tempo de leitura":"6 minutos"},"schema":{"@context":"https:\/\/schema.org","@graph":[{"@type":"Organization","@id":"https:\/\/bm4.com.br\/bm44\/#organization","name":"Maquira","url":"https:\/\/bm4.com.br\/bm44\/","sameAs":["https:\/\/www.linkedin.com\/company\/maquira","https:\/\/www.instagram.com\/maquiradentalgroup\/","https:\/\/www.youtube.com\/channel\/UCvbWpRmyX5WArQ1VbxcLJFg","https:\/\/www.facebook.com\/maquiradentalgroup"],"logo":{"@type":"ImageObject","inLanguage":"pt-BR","@id":"https:\/\/bm4.com.br\/bm44\/#\/schema\/logo\/image\/","url":"https:\/\/bm4.com.br\/bm44\/bm4\/wp-content\/uploads\/2023\/05\/m1.jpg","contentUrl":"https:\/\/bm4.com.br\/bm44\/bm4\/wp-content\/uploads\/2023\/05\/m1.jpg","width":900,"height":600,"caption":"Maquira"},"image":{"@id":"https:\/\/bm4.com.br\/bm44\/#\/schema\/logo\/image\/"}},{"@type":"WebSite","@id":"https:\/\/bm4.com.br\/bm44\/#website","url":"https:\/\/bm4.com.br\/bm44\/","name":"BM4","description":"","publisher":{"@id":"https:\/\/bm4.com.br\/bm44\/#organization"},"potentialAction":[{"@type":"SearchAction","target":{"@type":"EntryPoint","urlTemplate":"https:\/\/bm4.com.br\/bm44\/?s={search_term_string}"},"query-input":"required name=search_term_string"}],"inLanguage":"pt-BR"},{"@type":"WebPage","@id":"https:\/\/bm4.com.br\/bm44\/es\/politica-de-privacidad\/","url":"https:\/\/bm4.com.br\/bm44\/es\/politica-de-privacidad\/","name":"Pol\u00edtica de privacidad - BM4","isPartOf":{"@id":"https:\/\/bm4.com.br\/bm44\/#website"},"datePublished":"2023-04-24T19:10:47+00:00","dateModified":"2023-08-26T14:55:52+00:00","breadcrumb":{"@id":"https:\/\/bm4.com.br\/bm44\/es\/politica-de-privacidad\/#breadcrumb"},"inLanguage":"pt-BR","potentialAction":[{"@type":"ReadAction","target":["https:\/\/bm4.com.br\/bm44\/es\/politica-de-privacidad\/"]}]},{"@type":"BreadcrumbList","@id":"https:\/\/bm4.com.br\/bm44\/es\/politica-de-privacidad\/#breadcrumb","itemListElement":[{"@type":"ListItem","position":1,"name":"In\u00edcio","item":"https:\/\/bm4.com.br\/bm44\/"},{"@type":"ListItem","position":2,"name":"Pol\u00edtica de privacidad"}]}]}},"_links":{"self":[{"href":"https:\/\/bm4.com.br\/bm44\/wp-json\/wp\/v2\/pages\/237","targetHints":{"allow":["GET"]}}],"collection":[{"href":"https:\/\/bm4.com.br\/bm44\/wp-json\/wp\/v2\/pages"}],"about":[{"href":"https:\/\/bm4.com.br\/bm44\/wp-json\/wp\/v2\/types\/page"}],"author":[{"embeddable":true,"href":"https:\/\/bm4.com.br\/bm44\/wp-json\/wp\/v2\/users\/1"}],"replies":[{"embeddable":true,"href":"https:\/\/bm4.com.br\/bm44\/wp-json\/wp\/v2\/comments?post=237"}],"version-history":[{"count":2,"href":"https:\/\/bm4.com.br\/bm44\/wp-json\/wp\/v2\/pages\/237\/revisions"}],"predecessor-version":[{"id":1495,"href":"https:\/\/bm4.com.br\/bm44\/wp-json\/wp\/v2\/pages\/237\/revisions\/1495"}],"wp:attachment":[{"href":"https:\/\/bm4.com.br\/bm44\/wp-json\/wp\/v2\/media?parent=237"}],"curies":[{"name":"wp","href":"https:\/\/api.w.org\/{rel}","templated":true}]}}